t is the remainder when c is divided by r?
14
Suppose 2*h = 21 + 19. What is the remainder when 58 is divided by h?
18
Let m(i) = 5*i**2 - i + 2. Let n be m(2). Let t = n + 5. Suppose -3*g = 5*q + 2*g - t, -3*g = -4*q + 41. Calculate the remainder when 14 is divided by q.
6
Let a = -44 + 67. What is the remainder when a is divided by (6/(-9))/((-2)/18)?
5
What is the remainder when 13 is divided by (21/4)/7 - 13/(-4)?
1
Let y(o) be the first derivative of -3*o**2/2 - 12*o + 7. Calculate the remainder when 15 is divided by y(-7).
6
Let m(o) be the first derivative of 1 - o + 17/2*o**2. What is the remainder when 30 is divided by m(1)?
14
Let y be 2/11 + 252/66. Suppose 6*s = y*s + 18. Calculate the remainder when 42 is divided by s.
6
Suppose 20 = -d + 5*d. Calculate the remainder when 12 is divided by d.
2
Calculate the remainder when 43 is divided by ((-1)/3 - -1)/((-10)/(-165)).
10
Let k(y) = -5*y - 8. What is the remainder when k(-7) is divided by 5?
2
Suppose -6*i + 3*i = -3*t - 102, i + t - 40 = 0. What is the remainder when i is divided by 123/6 + 1/(-2)?
17
Suppose -d - 2 - 4 = 0. Let g = -4 - d. Suppose -g*a + 88 = -t, a - 3*t = -2*a + 132. What is the remainder when a is divided by 15?
14
Suppose 4*g - g = 9. Calculate the remainder when 17 is divided by g.
2
Suppose 6 = -p + 17. What is the remainder when 31 is divided by p?
9
Let i(d) = -d**2 - 21*d + 8. Calculate the remainder when 138 is divided by i(-20).
26
Let p(x) = -x**3 + 3*x**2 - 3*x + 3. Let k be p(2). Let h = k + -2. Calculate the remainder when 38 is divided by (27 + h)*6/12.
12
Suppose -4*h = 63 - 363. Calculate the remainder when h is divided by 38.
37
Let c be (5 - 6)*(-2)/(-2). Calculate the remainder when 3 + (6 - (c - -4)) is divided by -5*((-12)/(-10))/(-3).
0
Suppose 0 = -4*g + 2*g + 16. Let k = g - 5. Suppose 10 = -k*a + 34. What is the remainder when 15 is divided by a?
7
Let k(j) = j**3 - 3*j**2 + 5*j - 3. Suppose 2*d + 37 = -3*i, 3*d + 6 = -4*i - 49. Let p = -10 - d. What is the remainder when k(3) is divided by p?
5
Let x(d) = -d**2 + 10*d - 9. Let b be x(7). Let v be (b/(-18))/((-4)/(-18)). Calculate the remainder when v/1 + 2 + 15 is divided by 8.
6
Let s(w) = w**2 - 7*w + 2. Calculate the remainder when 27 is divided by s(8).
7
Let z = 31 - 19. Let h(r) = 4*r - 6. Calculate the remainder when h(7) is divided by z.
10
Let z = 101 - 68. Calculate the remainder when 164 is divided by z.
32
Let g be -2*(2 + 9/6). Let u = 1 - g. Calculate the remainder when 29 is divided by u.
5
Let o = -15 + 42. Suppose 0 = -2*w + 8, 0 = 2*f + 3*w + 2*w - 42. Let u(s) = s**3 - 11*s**2 + 7. Calculate the remainder when o is divided by u(f).
6
Let c(k) = -5*k + 1. Let d be c(4). Let o = 33 + d. Let z = 9 - -32. What is the remainder when z is divided by o?
13
Suppose -8*i + 8 = -136. What is the remainder when i is divided by 10?
8
Suppose -2*u - s + 5*s = 4, -34 = -3*u - 4*s. Suppose -u - 1 = -y. Let t(h) = -h**3 - 5*h**2 + 5*h - 2. Calculate the remainder when y is divided by t(-6).
3
Suppose 2*y + 78 = -0*y + 5*o, 0 = 3*o. Calculate the remainder when 14/(-21)*(y - 0) is divided by 9.
8
Let v = -42 - -73. Calculate the remainder when v is divided by 16.
15
Let u = 6 + -2. Suppose -3*l - 3*n = 9, 19 = -2*l + u*l - 3*n. Suppose -97 = -4*x - 5*c, -c + l*c + 45 = 2*x. What is the remainder when x is divided by 12?
11
Let k = -1 - 5. Calculate the remainder when k/(-10) - 484/(-10) is divided by 17.
15
Let u(c) be the first derivative of 4*c**3/3 - 2*c - 3. What is the remainder when 38 is divided by u(2)?
10
Calculate the remainder when 35 is divided by -10 + 27 - (0 - 2).
16
Suppose -4*f + 7 = -u, -f - 8*u = -3*u - 28. Let n(r) = 4 + 1 - f - r. Calculate the remainder when n(-8) is divided by 4.
2
Suppose 4*r - 38 = 3*r. Suppose 0*u + 51 = 2*u + 5*k, -4*k = 3*u - 59. Calculate the remainder when r is divided by u.
12
Let o(k) = k + 4. What is the remainder when 83 is divided by o(13)?
15
Let g = 0 + 3. Calculate the remainder when 11 is divided by g.
2
Let w(g) = 3*g**2 + g - 5. Let j(h) = 5*h**2 + h - 8. Let f(p) = 5*j(p) - 8*w(p). Let d be f(4). Calculate the remainder when 64/d - (-2)/2 is divided by 9.
8
Let y(u) = 2*u**2 + 5 + 4*u**2 + 2*u + u**3 - 3*u. Let f be y(-6). Suppose f = 4*i - 17. What is the remainder when 20 is divided by i?
6
Let s = 12 - 7. Suppose -4*g + 51 = s*c - 8*g, -2*c + 18 = -g. Calculate the remainder when c is divided by 4.
3
Suppose -4 = -5*w - 4*d, -2*w + 0*w + 20 = -3*d. Suppose 3*i - w*i + 3 = 0. Let s(x) = 7*x**2 + x + 1. Calculate the remainder when s(-1) is divided by i.
1
Let k be -5*-1*(-21)/(-15). Suppose 2*m - 29 = k. Calculate the remainder when 214/4 - 1/2 is divided by m.
17
Let m = -55 - -98. Calculate the remainder when m is divided by 11.
10
Suppose 2*q + 3*q = 25. Let b = 373 - 354. Calculate the remainder when b is divided by q.
4
Suppose -4*k = 16, 6 - 18 = -5*z - 2*k. Calculate the remainder when 17 is divided by z.
1
Suppose -3*s + 2*u + u + 21 = 0, -5*u - 32 = -4*s. Calculate the remainder when 4 is divided by s.
1
Suppose d + 5*m - 93 = 0, -4*d = 3*m - 196 - 108. What is the remainder when d is divided by 15?
13
Let v = -9 + -15. Let p = -16 - v. What is the remainder when p is divided by 3?
2
Let g(w) = -w**3 - w**2 + 5*w + 7. What is the remainder when g(-3) is divided by 6?
4
Suppose 72 = 5*p - 8. What is the remainder when 63 is divided by p?
15
Let v(a) = a**3 - 2*a**2 - 9*a + 8. Let g(w) = w**3 - 3*w**2 - 9*w + 8. Let u(y) = -4*g(y) + 3*v(y). What is the remainder when u(6) is divided by 16?
14
Let f be (-3*1)/(4/(-8)). Let g(y) = y**2 - 4*y + 2. Let z(w) = 10*w. What is the remainder when z(4) is divided by g(f)?
12
Suppose 2*p - 3*r + 0*r = -50, -2*p - 4*r = 50. Let o = p + 38. What is the remainder when 23 is divided by o?
10
Let k(f) = 8*f**2 - 7. Suppose 5*z - 12 = -4*o, 4 = -3*o + 5*z + 13. Calculate the remainder when k(o) is divided by 17.
14
Let v be (29/3)/(2/30). Suppose y + 4*y - v = 0. Calculate the remainder when y is divided by 10.
9
Let p(m) = -2*m. What is the remainder when (-15 - (-3)/1)/((-2)/5) is divided by p(-4)?
6
Let q = 33 - 4. Calculate the remainder when 56 is divided by q.
27
Calculate the remainder when 2/(-9) + ((-1505)/(-9) - 0) is divided by 42.
41
Let w be 1 + 0 + -6 + 17. Suppose w*j - 10*j - 26 = 0. Suppose 0 = -4*q + 2*q + 76. Calculate the remainder when q is divided by j.
12
Let l(s) be the first derivative of -7*s**2/2 + s - 1. Let j = 5 + -8. What is the remainder when l(j) is divided by 8?
6
Let o be (0/(4/(-4)))/(-1). Let x = 4 + o. Calculate the remainder when 15 is divided by x.
3
Let v = -5 - -7. Let z be ((-55)/33)/(1/(-3)). Suppose -z*p - 4 = -7*p. Calculate the remainder when p is divided by v.
0
Let q(m) be the second derivative of m**3/2 + 3*m**2/2 - m. Calculate the remainder when q(4) is divided by 6.
3
Suppose 4*u = 11 - 3. Suppose u*w = 3*w - 11. Suppose -2*j = -15 - w. What is the remainder when 38 is divided by j?
12
Let m(p) = -3*p**3 - 2*p**2 - 2*p - 3. Let j = 6 - 8. Suppose -2*o = 3*c - 151, -3*c = -3*o - 121 - 20. Calculate the remainder when c is divided by m(j).
15
Let n = 46 - 0. Let x = -29 + 49. Let v = -4 + x. What is the remainder when n is divided by v?
14
Suppose 0 = 6*a + 19 - 97. Let q = 50 - -1. Calculate the remainder when q is divided by a.
12
Suppose -6*v + 2*v = -3*x + 3, -5*v = -3*x. What is the remainder when -2 - (-1)/1*7 is divided by v/(-1)*(-2)/2?
2
Suppose 10 = 5*f - 15. Let r(s) = -s**3 + 2*s**2 + 3*s - 1. Let u be r(3). Calculate the remainder when (u + 2)*7 - -1 is divided by f.
3
Let w(v) = v + 17. Calculate the remainder when 67 is divided by w(0).
16
Suppose 4 = -y + 8. Suppose 0 = 5*j + 4*g - 5, -y*j - 2*g = -4*g - 4. Suppose 5*t = 4*t + 1. What is the remainder when j is divided by t?
0
Let k(x) = 2*x + 4. Suppose -b = 1 + 2. Let a be k(b). What is the remainder when 8 is divided by (a*(-6)/4)/1?
2
Let x(h) = 4*h**2 + 6*h + 2. Let w(k) = 9*k**2 + 13*k + 4. Let a(i) = -2*w(i) + 5*x(i). What is the remainder when a(-6) is divided by 13?
11
Suppose -z + 6*z = 170. Let y be (-4)/(-12) - (-28)/6. Suppose -3*p = -y*j + 63, j = -0*j + 3*p + 15. What is the remainder when z is divided by j?
10
Suppose 3*y + 0 - 3 = 0. Let k = 4 + y